termine g(-84).
67
Let l(f) = -f**3 + 117*f**2 - 1699*f - 105. What is l(100)?
-5
Let f(k) = -1874448*k + 80601268. Determine f(43).
4
Let a(m) = -26*m**2 + 837*m - 5199. Determine a(8).
-167
Let b(w) = 939*w - 11334. Determine b(12).
-66
Let w(o) = -o**3 - 29*o**2 + 327*o + 5332. Give w(-34).
-6
Let a(m) = -m**3 + 12*m**2 - 451*m + 1683. Calculate a(4).
7
Let m(i) = -9*i**3 - 2482*i**2 + 803*i + 69277. Calculate m(-276).
1
Let w(u) = -2*u**2 - 31339*u - 688486. Determine w(-22).
4
Let j(u) = -u**3 + 56*u**2 - 672*u + 30462. Give j(54).
6
Let j(i) = -3*i**3 + 55*i**2 - 5*i - 36. Give j(21).
-3669
Let a(o) = -6162*o - 302338. Calculate a(-49).
-400
Let c(t) = -42*t**2 - 1302*t - 9541. Determine c(-12).
35
Let b(k) = -3*k**2 + 460*k - 14734. Determine b(52).
1074
Let d(j) = 144*j**2 + 168*j - 655. What is d(4)?
2321
Let a(z) = 12179*z**2 + 255757*z + 24. Give a(-21).
66
Let f(d) = 79*d**3 + d**2 - 220*d - 449. What is f(-2)?
-637
Let s(t) = 53*t - 3611. Calculate s(69).
46
Let y(z) = -2347*z + 384947. Give y(164).
39
Let c(w) = w**3 - 7*w**2 - 66*w + 451. Give c(10).
91
Let z(s) = 1196*s - 9513. What is z(8)?
55
Let k(g) = 3*g**3 + 570*g**2 + 569*g + 396. Give k(-189).
18
Let p(x) = x**3 - 202*x**2 + 404*x - 703. What is p(200)?
97
Let y(f) = -706*f + 12136. Determine y(16).
840
Let q(l) = -53*l**2 - 35761*l - 26286. Determine q(-674).
0
Let n(z) = -111*z**2 - 5104*z + 115. Determine n(-46).
23
Let d(q) = -277*q + 8562. What is d(38)?
-1964
Let k(f) = -52680*f + 316079. Determine k(6).
-1
Let i(t) = -t**2 + 794*t - 70482. Give i(102).
102
Let p(c) = -4706*c**2 + 3073020*c - 1305. What is p(653)?
1
Let v(o) = -1575166*o - 28352993. Determine v(-18).
-5
Let n(q) = -336*q**3 + 328*q**2 - 12*q + 14. What is n(1)?
-6
Let b(w) = 361*w + 61176. Determine b(-169).
167
Let j(l) = -l**3 + 53*l**2 + 1028*l - 854. Determine j(68).
-310
Let l(p) = -3*p**3 + 54*p**2 + 107*p + 309. What is l(20)?
49
Let j(t) = 13*t**2 + 350*t + 2103. Determine j(-18).
15
Let a(l) = l**2 + 797*l + 127637. Calculate a(-222).
-13
Let q(t) = t**2 + 158*t - 41360. What is q(-297)?
-77
Let b(w) = -379*w - 16209. What is b(-48)?
1983
Let m(v) = -v**3 + 124*v**2 - 97*v + 11202. Give m(124).
-826
Let s(n) = -n**2 + 71*n - 357. What is s(53)?
597
Let b(t) = 406*t - 7004. Give b(18).
304
Let x(s) = 3213*s + 9552. Determine x(-3).
-87
Let g(c) = 24*c**2 - 3130*c - 19676. What is g(-6)?
-32
Let n(j) = 2312*j - 92. Give n(0).
-92
Let y(q) = 17031*q + 136259. Give y(-8).
11
Let d(t) = -40797*t - 285289. What is d(-7)?
290
Let p(j) = -4*j**3 + 1746*j**2 + 862*j + 5033. Determine p(437).
-211
Let h(u) = -240*u**2 - 5222*u + 1282. What is h(-22)?
6
Let h(l) = -4*l**3 - 4108*l**2 + 20640*l + 12. What is h(-1032)?
12
Let r(c) = 100*c**2 + 4616*c - 4193. Determine r(-47).
-245
Let y(j) = -29784*j + 48458576. Calculate y(1627).
8
Let t(f) = 2*f**3 - 30*f**2 - 220*f + 3463. Give t(14).
-9
Let n(c) = c**3 - 146*c**2 + 142*c + 184. Calculate n(145).
-251
Let f(n) = 3811*n**2 + 7132*n. Give f(-2).
980
Let o(i) = 16*i**2 - 347*i + 1423. What is o(16)?
-33
Let w(r) = 6*r**3 - 67*r**2 - 20*r + 12. Give w(11).
-329
Let c(g) = 494*g**2 + 3470*g + 71. What is c(-7)?
-13
Let f(g) = -27*g**3 + 22*g**2 + 23*g + 25. Determine f(4).
-1259
Let w(n) = 2*n**3 + 440*n**2 - 889*n - 165. Determine w(-222).
57
Let r(s) = -5130*s + 661721. What is r(129)?
-49
Let a(c) = -c**3 + 12*c**2 - 254026*c + 3048363. What is a(12)?
51
Let u(p) = 41246*p - 1856006. Determine u(45).
64
Let n(h) = -3*h**3 - 833*h**2 - 4879*h + 29. What is n(-6)?
-37
Let x(k) = -k**3 - 2*k**2 - 298*k - 2421. Give x(-7).
-90
Let a(k) = -k**3 - 108*k**2 + 370*k + 16499. Determine a(-110).
-1
Let s(v) = 35071*v + 35066. Calculate s(-1).
-5
Let n(w) = -11440*w - 3637923. What is n(-318)?
-3
Let r(m) = 232*m + 1180. Give r(-5).
20
Let r(a) = a**2 + 28899*a - 1041660. Calculate r(36).
0
Let r(c) = -c**3 + 36*c**2 - 300*c + 287. Calculate r(24).
-1
Let z(f) = 46*f**2 - 17*f - 45. Calculate z(-1).
18
Let w(f) = -217*f + 3267. Calculate w(15).
12
Let d(t) = -8361*t + 109946. Determine d(13).
1253
Let t(o) = -4*o**3 - 20*o**2 - 407*o - 1982. Calculate t(-6).
604
Let d(o) = -315*o - 1078. Calculate d(-10).
2072
Let w(q) = -5*q**2 - 2042*q - 818. Calculate w(-408).
-2
Let a(u) = 7*u**2 - 4371*u - 79054. What is a(642)?
-88
Let p(z) = 7*z**2 - 1479*z - 196. Give p(216).
6932
Let l(i) = 404*i + 162082. What is l(-401)?
78
Let l(d) = 5915*d - 455452. Determine l(77).
3
Let t(j) = 19325*j + 1584658. Give t(-82).
8
Let o(z) = z**3 + 30*z**2 - 993*z + 2322. What is o(18)?
0
Let f(d) = -19*d**3 + 14382*d**2 + 754*d + 2270. Determine f(757).
-1
Let f(m) = -646*m + 14238. Give f(22).
26
Let g(j) = -2*j**3 - 101*j**2 - 246*j - 103. Give g(-48).
185
Let d(u) = -u**3 - 59*u**2 - 682*u + 1322. Give d(-42).
-22
Let k(a) = -46*a - 232. What is k(18)?
-1060
Let h(m) = -18*m**2 + 1777*m + 7116. Determine h(-4).
-280
Let r(h) = 16*h**2 - 94*h - 11. Calculate r(8).
261
Let f(o) = 7834*o + 1645146. Calculate f(-210).
6
Let u(a) = -116027*a + 4989181. What is u(43)?
20
Let l(n) = -2266*n**2 + 40787*n + 9. Give l(18).
-9
Let p(c) = 340*c - 1714. What is p(5)?
-14
Let a(c) = c**3 + 672*c**2 + 15571*c + 12308. What is a(-648)?
-4
Let z(w) = 5*w**2 - 230*w - 3612. Calculate z(-16).
1348
Let m(z) = 25*z**2 - 864*z - 1720. Determine m(-2).
108
Let v(r) = -6*r**3 - 29*r**2 + 195*r + 947. Determine v(-5).
-3
Let y(f) = -f**2 - 1752*f + 110584. Calculate y(61).
-9
Let n(o) = 388*o**3 - 100*o**2 + 107*o - 6. Calculate n(1).
389
Let p(i) = 3*i**2 + 250368*i - 9017135. Give p(36).
1
Let i(x) = -1503*x - 39019. Give i(-26).
59
Let m(u) = -8765*u - 306781. Determine m(-35).
-6
Let u(s) = s**2 - 933. Calculate u(33).
156
Let o(g) = 53*g**3 + 497*g**2 - 328*g + 24. Give o(-10).
4
Let t(y) = -y**2 + 306*y + 22310. What is t(-61)?
-77
Let v(c) = -c**3 - 143*c**2 + 301*c + 1600. Give v(-145).
5
Let y(o) = 2*o**2 + 41*o - 7734. What is y(53)?
57
Let o(z) = 4*z**3 + 3*z**2 + 2*z + 1789. Calculate o(0).
1789
Let g(a) = 2*a**3 - 309*a**2 + 162*a - 1139. Give g(154).
93
Let u(s) = 17*s + 302. Determine u(-51).
-565
Let v(q) = 121*q**3 + 25652*q**2 - 4*q - 774. Calculate v(-212).
74
Let i(o) = -1931*o**2 - 9797*o - 709. What is i(-5)?
1
Let k(b) = -6*b**3 - 151*b**2 - 22*b - 279. What is k(-25)?
-354
Let k(g) = 253*g**2 - 60*g - 52. Give k(-3).
2405
Let l(d) = -20*d**3 - 984*d**2 - 12104*d - 105. Determine l(-25).
-5
Let v(f) = -7*f**2 + 176*f + 1558. Calculate v(-7).
-17
Let u(g) = -56*g**2 - 645*g - 141. Determine u(-11).
178
Let r(o) = -o**3 - 4*o**2 + 616*o + 275. Give r(-27).
410
Let b(g) = 984*g - 409. Give b(-2).
-2377
Let j(r) = -82*r + 4251. Determine j(52).
-13
Let m(d) = -d**3 + 117*d**2 + 1055*d + 9. Calculate m(-9).
720
Let j(a) = -2*a**3 + 347*a**2 + 1658*a - 258213. Determine j(174).
3
Let f(l) = l**2 + 1841*l + 36445. Calculate f(-20).
25
Let q(t) = -27*t**2 - 635*t - 3688. Determine q(-11).
30
Let r(i) = -2*i**3 + 966*i**2 + 971*i - 1440. Calculate r(484).
12
Let d(f) = -13*f**3 - 247*f**2 - 129*f - 35. What is d(-18)?
-1925
Let g(m) = -131*m**2 + 312*m + 40. Determine g(2).
140
Let c(k) = 28702*k - 287625. Calculate c(10).
-605
Let g(t) = -t**3 - 292*t**2 - 926*t - 17086. What is g(-289)?
-35
Let n(q) = 833*q + 30011. Calculate n(-36).
23
Let n(u) = -70*u**2 + 1100*u - 1692. Give n(14).
-12
Let h(t) = -661176*t + 10578814. Calculate h(16).
-2
Let f(m) = 625*m**2 + 2163*m - 2162. Give f(1).
626
Let i(k) = 536*k + 44013. Give i(-82).
61
Let h(f) = -5*f**2 + 510*f - 1602. Determine h(0).
-1602
Let x(s) = s**2 - 914*s + 203997. Calculate x(527).
48
Let r(s) = -2272796*s. What is r(0)?
0
Let l(n) = 639*n - 2709. Determine l(3).
-792
Let b(u) = -u**3 + 91*u**2 + 490*u - 1021. What is b(96)?
-61
Let m(c) = 2*c**3 + 51*c**2 + 153*c + 18172. Determine m(-32).
-36
Let z(n) = -n**2 - 143*n - 934. Determine z(-123).
1526
Let m(z) = 6*z**3 - 460*z**2 + 301*z + 240. Calculate m(76).
12
Let z(j) = 703*j + 17496. Calculate z(-25).
-79
Let c(g) = 4*g**3 + 3492*g**2 - 66*g - 57603. Give c(-873).
15
Let u(x) = x**2 + 3561*x - 575983. Give u(155).
-3
Let t(x) = 25733*x - 745886. Give t(29).
371
Let b(h) = -25*h**3 + 4178*h**2 - 502*h + 56. Give b(167).
-111
Let t(l) = -98*l**3 - 1230*l**2 - 1287*l - 58. D